se 3) in base 2?
-10011
What is 488 (base 13) in base 14?
404
Convert 3543 (base 9) to base 11.
1a82
What is 230321 (base 4) in base 7?
11243
What is 122200 (base 5) in base 8?
11103
What is -1206 (base 9) in base 2?
-1110000001
445 (base 11) to base 14
2a1
Convert 5c6a (base 15) to base 2.
100110011011011
What is 4e78 (base 15) in base 4?
10011323
Convert 105 (base 14) to base 9.
243
-979 (base 15) to base 11
-1675
6d6e (base 16) to base 13
c99c
Convert 122002 (base 3) to base 10.
461
Convert 30221 (base 4) to base 11.
676
What is -569 (base 16) in base 7?
-4016
4 (base 11) to base 8
4
Convert 70163 (base 8) to base 13.
10145
-15040 (base 7) to base 15
-1364
Convert -54213 (base 6) to base 9.
-11160
Convert 131014 (base 5) to base 4.
1100032
Convert 112201 (base 5) to base 7.
14545
What is b4 (base 13) in base 11?
124
What is -4bc8 (base 14) in base 5?
-411213
-17154 (base 10) to base 4
-10030002
Convert -10302031 (base 4) to base 10.
-19597
Convert -44044 (base 5) to base 16.
-bd0
Convert -13212022 (base 4) to base 15.
-9344
What is -2020021121 (base 3) in base 14?
-1202d
-402342 (base 5) to base 14
-4979
What is -1001042 (base 5) in base 10?
-15772
What is -13352 (base 6) in base 14?
-a8c
What is -10001010011110 (base 2) in base 12?
-5166
Convert 1100001 (base 2) to base 14.
6d
31 (base 16) to base 7
100
-321 (base 9) to base 14
-14a
What is -23e (base 16) in base 11?
-482
What is -21263 (base 8) in base 13?
-4074
40686 (base 10) to base 6
512210
32323 (base 4) to base 2
1110111011
What is 1056 (base 9) in base 11?
64a
-2677 (base 15) to base 4
-2000110
Convert -3311001 (base 4) to base 3.
-210111210
Convert 8d7 (base 15) to base 9.
2664
Convert 1914 (base 13) to base 8.
7227
Convert 615 (base 10) to base 6.
2503
a0 (base 16) to base 5
1120
44335 (base 6) to base 14
2375
Convert 330 (base 8) to base 13.
138
What is 7210 (base 9) in base 5?
132044
Convert -33132 (base 4) to base 3.
-1100200
-3353 (base 8) to base 6
-12111
50040 (base 7) to base 3
121111200
Convert -6782 (base 14) to base 13.
-822a
Convert -110222102 (base 3) to base 5.
-300321
-10001000 (base 2) to base 14
-9a
-100011010000 (base 2) to base 4
-203100
What is c4a0 (base 14) in base 2?
1000010000111100
What is -100111111 (base 2) in base 5?
-2234
-100001110 (base 2) to base 13
-17a
-23320003 (base 4) to base 12
-24197
What is f3c (base 16) in base 3?
12100110
Convert -44236 (base 11) to base 16.
-faa9
1633 (base 7) to base 15
2e1
Convert -7062 (base 9) to base 2.
-1010000100111
4987 (base 10) to base 5
124422
Convert -1997 (base 12) to base 11.
-23a4
Convert -125415 (base 7) to base 13.
-a932
249 (base 13) to base 5
3044
What is 1797 (base 10) in base 13?
a83
What is 13892 (base 10) in base 3?
201001112
Convert -77 (base 15) to base 2.
-1110000
Convert 18909 (base 10) to base 12.
ab39
1312221 (base 4) to base 5
220333
Convert -312104 (base 5) to base 9.
-15081
What is -b19c (base 13) in base 2?
-101111110010001
What is -98 (base 13) in base 2?
-1111101
Convert 155 (base 8) to base 2.
1101101
-2b9 (base 14) to base 2
-1000101011
What is b57 (base 15) in base 6?
15501
bd (base 14) to base 3
20012
-19dc (base 15) to base 11
-4238
Convert 318 (base 12) to base 6.
2032
What is -10242 (base 5) in base 7?
-2014
What is -2043 (base 6) in base 9?
-560
-1131400 (base 5) to base 13
-964b
What is -1155322 (base 6) in base 9?
-104175
-1012220 (base 3) to base 13
-534
2595 (base 10) to base 8
5043
-2f (base 16) to base 5
-142
What is 77c (base 16) in base 9?
2558
-31351 (base 8) to base 10
-13033
What is 46213 (base 8) in base 11?
137a4
Convert -201121 (base 3) to base 4.
-20101
-27567 (base 8) to base 13
-56b9
Convert 28b (base 13) to base 5.
3303
Convert -10120044 (base 5) to base 14.
-22108
-32780 (base 12) to base 16
-104d0
106577 (base 9) to base 2
1111100110011010
869 (base 10) to base 15
3ce
What is -53c3 (base 15) in base 2?
-100010101000101
-ac0 (base 15) to base 5
-34210
-a0b4 (base 16) to base 12
-1b984
34242 (base 9) to base 13
a4ba
What is -1032222 (base 4) in base 16?
-13aa
What is 28b (base 14) in base 10?
515
What is 7575 (base 8) in base 12?
2365
Convert -1144 (base 7) to base 2.
-110101000
-201200211 (base 3) to base 15
-43c4
Convert 3a88 (base 13) to base 5.
232033
Convert 12436 (base 7) to base 15.
eaa
What is -6337 (base 11) in base 3?
-102111201
Convert 205515 (base 6) to base 14.
61b9
What is -2110 (base 3) in base 12?
-56
Convert -2159 (base 14) to base 16.
-1683
Convert 3101213 (base 4) to base 3.
200101212
Convert -10 (base 5) to base 9.
-5
What is 1036 (base 11) in base 12?
962
3 (base 15) to base 13
3
-5112 (base 6) to base 15
-4ee
What is -675 (base 10) in base 3?
-221000
54315 (base 6) to base 14
2a11
12c98 (base 14) to base 12
22a1a
What is -12022 (base 8) in base 5?
-131023
11000101001 (base 2) to base 16
629
Convert 22204 (base 5) to base 12.
a96
Convert -1504 (base 6) to base 16.
-190
Convert -100 (base 13) to base 3.
-20021
-30024 (base 7) to base 11
-5475
Convert 15c (base 15) to base 8.
470
-1155 (base 11) to base 13
-8c4
-2973 (base 10) to base 7
-11445
Convert 392 (base 15) to base 8.
1454
What is -121221 (base 3) in base 12?
-321
Convert -3377 (base 13) to base 15.
-21eb
Convert 250a (base 13) to base 3.
21012102
What is -21000200 (base 4) in base 10?
-36896
-1756 (base 11) to base 10
-2239
Convert 1053 (base 16) to base 12.
2503
-291 (base 16) to base 11
-548
23310 (base 5) to base 13
a12
What is -404 (base 13) in base 5?
-10210
Convert -310332 (base 5) to base 11.
-7645
2031 (base 5) to base 12
1a2
What is -1156 (base 8) in base 7?
-1546
Convert -1dae (base 16) to base 10.
-7598
100110110111 (base 2) to base 8
4667
-16aa9 (base 14) to base 6
-1115501
-1300213 (base 4) to base 13
-3385
Convert 22033 (base 5) to base 16.
5ee
Convert -18811 (base 10) to base 8.
-44573
Convert -4472 (base 10) to base 2.
-1000101111000
Convert -39b4 (base 12) to base 7.
-25201
Convert 1323351 (base 6) to base 2.
10001111010010011
What is -13464 (base 8) in base 6?
-43300
-13112 (base 6) to base 15
-8c8
1077 (base 13) to base 5
33140
3383 (base 16) to base 7
53306
Convert -1455 (base 9) to base 2.
-10001001111
What is -2450 (base 6) in base 4?
-21132
What is 30201 (base 4) in base 2?
1100100001
Convert 48a (base 11) to base 4.
21012
Convert 163 (base 9) to base 11.
116
Convert 18b (base 13) to base 4.
10130
2001 (base 13) to base 4
1010223
What is 885 (base 12) in base 9?
1642
134420 (base 6) to base 12
7410
Convert 380 (base 13) to base 5.
4421
Convert 12624 (base 7) to base 8.
6507
What is 1245 (base 8) in base 11?
566
111111 (base 3) to base 6
1404
What is 306 (base 13) in base 2?
1000000001
-192a (base 15) to base 11
-40a6
b3 (base 14) to base 2
10011101
Convert 14b (base 16) to base 4.
11023
-10001111001 (base 2) to base 11
-951
What is 1a232 (base 12) in base 4?
21113012
What is -3022212 (base 4) in base 5?
-403331
Convert 444 (base 7) to base 16.
e4
What is -1001011110 (base 2) in base 14?
-314
What is 20486 (base 9) in base 7?
54300
What is 563 (base 11) in base 8?
1242
Convert 344513 (base 6) to base 9.
44500
Convert 3335 (base 9) to base 13.
1175
-2d0 (base 16) to base 9
-880
What is 145 (base 15) in base 2?
100100010
-10211201 (base 3) to base 16
-af0
Convert -f1 (base 16) to base 14.
-133
-1110 (base 6) to base 8
-402
-6182 (base 15) to base 14
-7713
-4ac (base 16) to base 13
-710
1a (base 14) to base 7
33
Convert -12940 (base 10) to base 12.
-75a4
Convert 121231 (base 6) to base 9.
15571
Convert 11579 (base 10) to base 14.
4311
1529 (base 12) to base 8
4661
Convert 1302342 (base 5) to base 9.
37683
What is 156 (base 13) in base 11?
1a9
-299 (base 11) to base 13
-20c
Convert -2012201202 (base 3) to base 10.
-43544
Convert 10bc (base 16) to base 2.
1000010111100
Convert 304 (base 8) to base 12.
144
Convert 1011101001000 (base 2) to base 11.
4529
Convert -1855 (base 11) to base 2.
-100100110111
d40 (base 16) to base 4
311000
Convert -100221 (base 4) to base 10.
-1065
What is 577 (base 16) in base 10?
1399
Convert -2547 (base 14) to base 13.
-2c85
Convert 21141 (base 5) to base 14.
737
-12491 (base 14) to base 13
-17524
Convert 1211112 (base 3) to base 15.
5e2
Convert -103202 (base 4) to base 15.
-585
What is -2115 (base 6) in base 4?
-13133
Convert -b151 (b